{"id":1121,"date":"2021-08-30T15:42:02","date_gmt":"2021-08-30T15:42:02","guid":{"rendered":"https:\/\/jeflang-hht.com\/?page_id=1121"},"modified":"2023-11-07T14:18:29","modified_gmt":"2023-11-07T14:18:29","slug":"about-us-3","status":"publish","type":"page","link":"https:\/\/jeflang-hht.com\/index.php\/about-us-3\/","title":{"rendered":"About Us"},"content":{"rendered":"<p>&nbsp;<\/p>\n<figure id=\"attachment_1170\" aria-describedby=\"caption-attachment-1170\" style=\"width: 171px\" class=\"wp-caption alignleft\"><img loading=\"lazy\" class=\"wp-image-1170\" src=\"http:\/\/jeflang-hht.com\/wp-content\/uploads\/2021\/08\/z2723491208932_9a0041c6147c950f44db2389f690607c-e1630344771726-300x297.jpg\" alt=\"\" width=\"171\" height=\"169\" srcset=\"https:\/\/jeflang-hht.com\/wp-content\/uploads\/2021\/08\/z2723491208932_9a0041c6147c950f44db2389f690607c-e1630344771726-300x297.jpg 300w, https:\/\/jeflang-hht.com\/wp-content\/uploads\/2021\/08\/z2723491208932_9a0041c6147c950f44db2389f690607c-e1630344771726-100x100.jpg 100w, https:\/\/jeflang-hht.com\/wp-content\/uploads\/2021\/08\/z2723491208932_9a0041c6147c950f44db2389f690607c-e1630344771726.jpg 602w\" sizes=\"(max-width: 171px) 100vw, 171px\" \/><figcaption id=\"caption-attachment-1170\" class=\"wp-caption-text\">\u0110\u1eb7ng T. Th\u00fay Vinh<br \/>thuyvinh@jeflang-hht.com<\/figcaption><\/figure>\n<hr \/>\n<p><strong>JEFLANG\u00a0<\/strong>is an online language learning platform through videos which is developed by Hoang Hoa Tham High School\u2019s teachers of foreign languages. As a part of our strategies for teaching and studying second languages including English, French and Japanese, the website has been providing a variety of educational resources, especially videos and relevant exercises for all students and teachers. In detail, our team have selected carefully videos concerned with the lessons in the textbooks and created a number of interactive exercises in the form of quizzes. In other words, thanks to these \u201csmart videos\u201d students can have opportunities to consolidate their knowledge and improve their skills that they have learned at school. Also, we offer students great chances to make their own videos via our web page \u201cJEFLANG STUDIO\u201d. For teachers, in addition, pedagogical innovations, documents and methods have been shared as reference materials at their disposal. Hopefully students as well as teachers can find the site an interesting and helpful resource to practice and master their language abilities and teaching techniques.<\/p>\n<figure id=\"attachment_1128\" aria-describedby=\"caption-attachment-1128\" style=\"width: 185px\" class=\"wp-caption alignleft\"><img loading=\"lazy\" class=\"wp-image-1128\" src=\"http:\/\/jeflang-hht.com\/wp-content\/uploads\/2021\/08\/194e097e68289e76c739-e1630344620509-300x297.jpg\" alt=\"\" width=\"185\" height=\"183\" \/><figcaption id=\"caption-attachment-1128\" class=\"wp-caption-text\">V\u0103n Anh \u0110\u00e0o<br \/>anhdaovan@jeflang-hht.com<\/figcaption><\/figure>\n<hr \/>\n<p><b>JEFLANG<\/b> est une plateforme d\u2019apprentissage des langues \u00e9trang\u00e8res en ligne \u00e0 travers des vid\u00e9os et des documents d\u00e9velopp\u00e9e par les professeurs de langues \u00e9trang\u00e8res du lyc\u00e9e Hoang Hoa Tham. Faisant partie de nos strat\u00e9gies d\u2019enseignement\u00a0 de trois langues \u00e9trang\u00e8res:\u00a0 l\u2019anglais , le fran\u00e7ais et le japonais, le site Web propose une vari\u00e9t\u00e9 de vid\u00e9os et de documents, d\u2019exercices pertinents pour\u00a0 les apprenants. En effet, dans le site, notre \u00e9quipe p\u00e9dagogique a s\u00e9lectionn\u00e9 avec soin des vid\u00e9os relatives aux th\u00e8mes des le\u00e7ons dans les manuels, dans d&#8217;autres sites et cr\u00e9\u00e9 un certain nombre d\u2019exercices interactifs.\u00a0 Gr\u00e2ce \u00e0 ces \u00ab vid\u00e9os intelligentes \u00bb, les \u00e9l\u00e8ves peuvent avoir la possibilit\u00e9 de consolider leurs connaissances et d\u2019am\u00e9liorer les comp\u00e9tences qu\u2019ils ont acquises \u00e0 l\u2019\u00e9cole. Ce type de vid\u00e9o est mis \u00e0 jour chaque semaine. De plus, nous offrons aux \u00e9l\u00e8ves de grandes chances de cr\u00e9er leurs propres vid\u00e9os via la rubrique \u00ab JEFLANG STUDIO \u00bb. \u00a0Pour les enseignants,\u00a0 des innovations p\u00e9dagogiques, des documents et des m\u00e9thodes ont \u00e9t\u00e9 partag\u00e9s comme supports de r\u00e9f\u00e9rence \u00e0 leur disposition. Nous esp\u00e9rons que les \u00e9tudiants ainsi que les enseignants pourront trouver sur le site des ressources int\u00e9ressantes et utiles pour leur apprentissage ou leur enseignement.<\/p>\n<figure id=\"attachment_1163\" aria-describedby=\"caption-attachment-1163\" style=\"width: 171px\" class=\"wp-caption alignleft\"><img loading=\"lazy\" class=\"wp-image-1163\" src=\"http:\/\/jeflang-hht.com\/wp-content\/uploads\/2021\/08\/c2a15929804a76142f5b-e1630341812876-300x296.jpg\" alt=\"\" width=\"171\" height=\"169\" srcset=\"https:\/\/jeflang-hht.com\/wp-content\/uploads\/2021\/08\/c2a15929804a76142f5b-e1630341812876-300x296.jpg 300w, https:\/\/jeflang-hht.com\/wp-content\/uploads\/2021\/08\/c2a15929804a76142f5b-e1630341812876-768x758.jpg 768w, https:\/\/jeflang-hht.com\/wp-content\/uploads\/2021\/08\/c2a15929804a76142f5b-e1630341812876-100x100.jpg 100w, https:\/\/jeflang-hht.com\/wp-content\/uploads\/2021\/08\/c2a15929804a76142f5b-e1630341812876.jpg 960w\" sizes=\"(max-width: 171px) 100vw, 171px\" \/><figcaption id=\"caption-attachment-1163\" class=\"wp-caption-text\">L\u00ea Th\u1ecb Ph\u01b0\u01a1ng<br \/>phuongle@jeflang-hht.com<\/figcaption><\/figure>\n<hr \/>\n<p><strong>JEFLANG<\/strong>\u306f\u3001\u30db\u30a2\u30f3\u30fb\u30db\u30a2\u30fb\u30bf\u30e0\u9ad8\u6821\u306e\u5916\u56fd\u8a9e\u6559\u5e2b\u306b\u3088\u308b\u52d5\u753b\u3092\u901a\u3058\u3066\u5b66\u7fd2\u304c\u3067\u304d\u308b\u30aa\u30f3\u30e9\u30a4\u30f3\u8a9e\u5b66\u5b66\u7fd2\u30d7\u30e9\u30c3\u30c8\u30d5\u30a9\u30fc\u30e0\u3067\u3059\u3002\u305d\u3057\u3066\u3001\u82f1\u8a9e\u3001\u30d5\u30e9\u30f3\u30b9\u8a9e\u3001\u65e5\u672c\u8a9e\u306a\u3069\u306e\u7b2c\u4e8c\u8a00\u8a9e\u3092\u6559\u3048\u3001\u52c9\u5f37\u3059\u308b\u306e\u70ba\u306e\u6226\u7565\u306e\u4e00\u90e8\u3068\u3057\u3066\u3001\u3059\u3079\u3066\u306e\u751f\u5f92\u3068\u6559\u5e2b\u306b\u3055\u307e\u3056\u307e\u306a\u30d3\u30c7\u30aa\u3068\u95a2\u9023\u3059\u308b\u5bbf\u984c\u3092\u63d0\u4f9b\u3057\u3066\u3044\u307e\u3059\u3002\u307e\u305f\u3001\u79c1\u9054\u306e\u30c1\u30fc\u30e0\u306f\u6559\u79d1\u66f8\u306e\u30ec\u30c3\u30b9\u30f3\u306b\u95a2\u9023\u3059\u308b\u30d3\u30c7\u30aa\u3092\u614e\u91cd\u306b\u9078\u629e\u3057\u3001\u30af\u30a4\u30ba\u306e\u5f62\u3067\u591a\u304f\u306e\u30a4\u30f3\u30bf\u30e9\u30af\u30c6\u30a3\u30d6\u306a\u5bbf\u984c\u3092\u4f5c\u6210\u3057\u307e\u3057\u305f\u3002\u307e\u305f\u3001\u3053\u308c\u3089\u306e\u300c\u30b9\u30de\u30fc\u30c8\u30d3\u30c7\u30aa\u300d\u306e\u304a\u304b\u3052\u3067\u3001\u751f\u5f92\u306f\u77e5\u8b58\u3092\u7d71\u5408\u3057\u305f\u308a\u3001\u5b66\u6821\u3067\u5b66\u3093\u3060\u30b9\u30ad\u30eb\u3092\u9ad8\u3081\u305f\u308a\u3059\u308b\u3053\u3068\u304c\u3067\u304d\u307e\u3059\u3002\u4e00\u65b9\u3001\u30a6\u30a7\u30d6\u30da\u30fc\u30b8\u300cJEFLANGSTUDIO\u300d\u3092\u901a\u3058\u3066\u3001\u751f\u5f92\u9054\u304c\u81ea\u5206\u306e\u52d5\u753b\u3092\u4f5c\u308c\u308b\u6a5f\u4f1a\u3092\u63d0\u4f9b\u3057\u307e\u3059\u3002\u307e\u305f\u3001\u6559\u5e2b\u5411\u3051\u306b\u3001\u6700\u65b0\u306e\u6559\u80b2\u5b66\u306e\u7406\u8ad6\u3001\u8cc7\u6599\u3001\u6559\u6388\u6cd5\u306a\u3069\u304c\u3001\u81ea\u7531\u306b\u4f7f\u3048\u308b\u53c2\u8003\u8cc7\u6599\u3068\u3057\u3066\u5171\u6709\u3055\u308c\u3066\u3044\u307e\u3059\u3002\u79c1\u9054\u306f\u3001\u751f\u5f92\u3068\u6559\u5e2b\u304c\u3053\u306e\u30b5\u30a4\u30c8\u3092\u901a\u3058\u3066\u3001\u81ea\u5206\u306e\u8a00\u8a9e\u80fd\u529b\u3068\u6559\u80b2\u6280\u8853\u3092\u9ad8\u3081\u308b\u305f\u3081\u306b\u6709\u76ca\u306a\u30ea\u30bd\u30fc\u30b9\u3092\u898b\u3064\u3051\u3089\u308c\u308b\u3068\u5e0c\u671b\u3057\u3066\u3044\u307e\u3002<\/p>\n<p>&nbsp;<\/p>\n","protected":false},"excerpt":{"rendered":"<p>&nbsp; JEFLANG\u00a0is an online language learning platform through videos which is developed by Hoang Hoa Tham High School\u2019s teachers of foreign languages. As a part of our strategies for teaching and studying second languages including English, French and Japanese, the website has been providing a variety of educational resources, especially videos and relevant exercises for &hellip; <\/p>\n<div class=\"link-more\"><a href=\"https:\/\/jeflang-hht.com\/index.php\/about-us-3\/\" class=\"more-link\">Read More<span class=\"screen-reader-text\"> &#8220;About Us&#8221;<\/span><\/a><\/div>\n","protected":false},"author":3,"featured_media":0,"parent":0,"menu_order":0,"comment_status":"closed","ping_status":"closed","template":"","meta":[],"_links":{"self":[{"href":"https:\/\/jeflang-hht.com\/index.php\/wp-json\/wp\/v2\/pages\/1121"}],"collection":[{"href":"https:\/\/jeflang-hht.com\/index.php\/wp-json\/wp\/v2\/pages"}],"about":[{"href":"https:\/\/jeflang-hht.com\/index.php\/wp-json\/wp\/v2\/types\/page"}],"author":[{"embeddable":true,"href":"https:\/\/jeflang-hht.com\/index.php\/wp-json\/wp\/v2\/users\/3"}],"replies":[{"embeddable":true,"href":"https:\/\/jeflang-hht.com\/index.php\/wp-json\/wp\/v2\/comments?post=1121"}],"version-history":[{"count":46,"href":"https:\/\/jeflang-hht.com\/index.php\/wp-json\/wp\/v2\/pages\/1121\/revisions"}],"predecessor-version":[{"id":1669,"href":"https:\/\/jeflang-hht.com\/index.php\/wp-json\/wp\/v2\/pages\/1121\/revisions\/1669"}],"wp:attachment":[{"href":"https:\/\/jeflang-hht.com\/index.php\/wp-json\/wp\/v2\/media?parent=1121"}],"curies":[{"name":"wp","href":"https:\/\/api.w.org\/{rel}","templated":true}]}}